factors of z?
2, 5
Let w(o) = 11*o**3 - 4*o**2 + o + 4. Suppose 3*y - 2*y = 16. Suppose -5*r - 2*z + 4 = 0, -r - 2*z - y = -6*r. List the prime factors of w(r).
2, 3, 13
Let q = -103 + 367. What are the prime factors of q?
2, 3, 11
Let l(h) = -h**2 + 6*h + 12. Let q be l(7). Suppose -4*z + 238 = p, q*p - 2*z - 569 = 665. List the prime factors of p.
2, 3, 41
Let t = 3408 + -2295. List the prime factors of t.
3, 7, 53
Let z = 17 + -15. Suppose 0 = 4*u + z*p - 116, 0 = 5*u + 4*p + 41 - 186. Let y = u + -18. What are the prime factors of y?
11
Let q(v) = -v**2 - 12*v - 4. Let d = 2 - -1. Suppose -d*j - 24 + 9 = 0. What are the prime factors of q(j)?
31
Suppose -13242 = -3*y - 3*f, -92*f + 87*f = 0. What are the prime factors of y?
2, 2207
Let w(r) = 7*r**2 - 29*r + 203. List the prime factors of w(6).
281
Let v = 64 - 60. Suppose 2*c - v*c + 26 = 2*p, 0 = -c + 5*p + 13. What are the prime factors of c?
13
Let v(l) = -3*l - 1. Let z be v(-1). Suppose -z*m = -6*m + 188. Suppose 0 = 3*o - 5*k - 79, 4*o - m - 37 = -4*k. What are the prime factors of o?
23
Suppose 3*r = 12, 4 - 12 = -d - 2*r. Let t be (1 - d)/((-3)/(-30)). Suppose t*q - 122 = 8*q. What are the prime factors of q?
61
Let u = 373 - 263. What are the prime factors of u?
2, 5, 11
Let j(y) be the third derivative of -17*y**6/720 + y**5/40 - y**4/3 + 5*y**2. Let c(d) be the second derivative of j(d). List the prime factors of c(-2).
37
Suppose 4*h - 338 = -3*y, -4*y + 154 = 5*h - 296. Let d = y + -12. What are the prime factors of d?
2, 7
Let t(y) = -3*y + 2. Let u(r) = r**3 + 7*r**2 + 6*r - 1. Let p be u(-6). Let q = -5 - p. What are the prime factors of t(q)?
2, 7
Suppose 14*k - 1261 = 11*k + 4*v, -3*k - 5*v + 1279 = 0. List the prime factors of k.
3, 47
Let s be (-4)/16 - 18/(-8). Suppose -2*k - 81 = s*t - 219, 2*k - 354 = -5*t. List the prime factors of t.
2, 3
Let j(k) = -22*k - 52. What are the prime factors of j(-12)?
2, 53
Let s be (-1*2/2)/((-1)/(-3)). What are the prime factors of (444/8 - s) + 6/4?
2, 3, 5
Let f = -1366 - -1949. What are the prime factors of f?
11, 53
Let i(o) = 4*o**3 + 3*o + 3. Let z(u) = 9*u**3 + u**2 + 6*u + 6. Let t(k) = k + 23. Let y be t(-18). Let l(f) = y*i(f) - 2*z(f). List the prime factors of l(3).
2, 3
Let z be (1 + -9)/(7/(-70)). Let n = z + -42. Suppose -35*k + n*k - 228 = 0. List the prime factors of k.
2, 19
Let k = 6 + -9. Let g(h) = 283 - 283 - h**3 - h**2 - 4*h. What are the prime factors of g(k)?
2, 3, 5
Let y = 22 - 24. What are the prime factors of -2*(-10*3 - y)?
2, 7
Let r be 1912/24 + 2/(-3). Let p = -48 + r. List the prime factors of p.
31
Suppose -6*t - 19 = -7*t. Let y = 4 + t. What are the prime factors of y?
23
Suppose 3*r + 2159 = 5*t, -4*t + r + 2636 = 913. List the prime factors of t.
2, 5, 43
Suppose -6 = x - 10. Let c be 2/3 + (-52)/6. List the prime factors of -16*x/c + 0.
2
Suppose -4*x + k - 11066 = -8*x, 7*k = -5*x + 13821. What are the prime factors of x?
2767
Suppose 0 = 6*i - 2*i + 12. Let l be (i/2)/(27/(-72)). Suppose -5*z + 4*s = -55, -l*z + 5*s = -3 - 32. What are the prime factors of z?
3, 5
Suppose f - 126 = 5*x + 56, 0 = 3*f - 6. Let v = x + 54. Suppose 3*m + v = 105. List the prime factors of m.
29
Suppose 5*d - 6189 = 3961. What are the prime factors of ((-3)/(-2))/(-3) - d/(-20)?
101
Suppose 128 = 4*k + n, 2*k + 2*k - 2*n = 140. Let r be (6/(-9))/((-1)/k). Let g = -3 + r. What are the prime factors of g?
19
Suppose -6*n = -5*n - 2. Suppose -n*y = -3*g - 285, 0 = -3*y + 4*g + 175 + 250. List the prime factors of y.
3, 5
Let g(l) = -2*l**2 + 8*l - 8. Let w be g(5). Let x = w - -277. What are the prime factors of x?
7, 37
What are the prime factors of (-60)/(-10) + 3250 - 9?
17, 191
Let n = -22 - -27. Suppose 0 = n*r - 4*x - 90, -6*x + 18 = r - 3*x. List the prime factors of r.
2, 3
Let f = 905 - 15. What are the prime factors of f?
2, 5, 89
Suppose 40*g = 30*g + 5190. List the prime factors of g.
3, 173
Let c = 7128 - 2678. What are the prime factors of c?
2, 5, 89
Suppose 4*f + 5*q = 306, -2*f - 4*q + 3*q = -156. Let s = -20 + f. Let h = s - 27. What are the prime factors of h?
2
Suppose 2*c - 4*j + 4 = 0, 0 = -2*c - 2*c + 4*j + 4. Let a be 4/(-2)*(-8)/c. What are the prime factors of 111*a/(-48)*-4?
37
Let t be (-3 + 3)/((-1)/(2/2)). Let s = 35 - t. List the prime factors of s.
5, 7
Suppose -2*p = -5*v + 23 - 2, -2*v = 2*p - 14. Suppose -640 = -3*o + v*c, 5*o = -0*o - c + 1048. List the prime factors of o.
2, 3, 5, 7
Let h be (-4)/(-10) - (14/10 + 1). List the prime factors of (h/3)/((-9)/162).
2, 3
Suppose -5 = -2*l - 2*u + 5, 5*u + 25 = 5*l. Suppose -361 = -3*y + 9*j - 10*j, 0 = -2*y + l*j + 218. List the prime factors of y.
7, 17
Let g be 0 - 4/16*0. Suppose g = z - 17 - 2. List the prime factors of z.
19
Suppose 55 = 5*w + 20. List the prime factors of 908/10 + w/35.
7, 13
Let g(b) = 29*b**2 + 1. Let o(l) = l + 9. Let x be o(-10). Let i be (2 - 2)/(-5) - x. List the prime factors of g(i).
2, 3, 5
Suppose 6 = 4*v - d, 4*d = 5*v - 2*v - 11. Suppose -2 = 4*l + b + 24, 0 = -5*l - b - 32. Let q = v - l. List the prime factors of q.
7
Let x(a) = -37*a**2 - 2*a - 1. Let i be x(-1). Suppose 48 = r + 3*z, 24*z + 123 = 2*r + 21*z. Let n = i + r. List the prime factors of n.
3, 7
Suppose 3*i = 71*i - 246364. What are the prime factors of i?
3623
Let k(f) = 4*f**2 - 2*f + 1. Let x be k(-2). Let v be 3*1*(-28)/x. List the prime factors of 25*1*v/(-4).
5
Let u = -70 + 79. Suppose 6*r - u - 27 = 0. List the prime factors of r.
2, 3
Suppose 17*p - 4752 = -2*v + 15*p, -2376 = -v + p. What are the prime factors of v?
2, 3, 11
Suppose 37*d = 91503 - 31711. List the prime factors of d.
2, 101
Let i = 7 - -9. Suppose i = 2*v - 60. What are the prime factors of v?
2, 19
List the prime factors of 10 + 36/(-6) + 2555.
3, 853
Let x = 1662 - 1162. What are the prime factors of x?
2, 5
Suppose 0 = 2*y - 26 - 34. Suppose -c + y = -40. What are the prime factors of c?
2, 5, 7
Let m(h) be the second derivative of h**5/20 - h**4/3 - 5*h**3/6 + 7*h**2/2 - 4*h. Suppose 3*v - 2 + 5 = 3*y, -5*v = 5*y - 55. List the prime factors of m(y).
7
Let h = -9 + 5. Let u(p) = 3*p**2 + 5*p + 4. What are the prime factors of u(h)?
2
Let u = 3365 + -1469. What are the prime factors of u?
2, 3, 79
Suppose z = 4*z - 456. List the prime factors of z.
2, 19
Suppose c = -q, 0*c = 3*q + 4*c. Suppose -4*s + 53 - 21 = q. List the prime factors of 12*((-18)/s + 3).
3
Suppose 0 = 2*h + 2*b - b - 9, 5*b = 4*h - 39. Suppose -h*s - 164 = 2*p - 2*s, 4*s = -3*p - 236. List the prime factors of (-9)/p + (-558)/(-16).
5, 7
Let l = -315 - -709. What are the prime factors of l?
2, 197
Let z = 391 + -323. List the prime factors of z.
2, 17
Let n = 20 + -11. Let g be 2/n - 16/(-9). List the prime factors of -6*(4/3 - g).
2
Suppose y = 0, -5*m + 2*y - 563 = 337. List the prime factors of (54/(-45))/(1/m).
2, 3
Let u(v) = v**3 + 32*v**2 + 61*v + 65. What are the prime factors of u(-30)?
5, 7
Let j = -2614 - -2797. What are the prime factors of j?
3, 61
Suppose 44 = 5*p - 26. Suppose -8 = -3*f + 5*w + p, 0 = f - 4*w - 19. List the prime factors of 36 + -2 + (2 - f).
37
Let q(n) = n**3 + 12*n**2 + 24*n - 10. Let f be q(-10). Let x = f - -272. Suppose -x = -8*r + 2*r. What are the prime factors of r?
37
Suppose -8*k - 700 = 2*k. Let n = 112 + k. What are the prime factors of n?
2, 3, 7
Let h(o) be the first derivative of 3*o**2/2 + 2*o + 2. Let k be 3/(-6)*4 - -4. List the prime factors of h(k).
2
Suppose h + 4*h - 10 = 0, 0 = -3*i - 3*h - 594. Let p be i/(-14) - (-10)/(-35). Suppose -14 = -2*j + p. What are the prime factors of j?
2, 7
What are the prime factors of (-84318)/(-621) + 4/18?
2, 17
Let z be 86/4*(-2 + 8). Suppose -2*s = 4*r + 182, -z = 4*r - r + 3*s. List the prime factors of (-2)/(-2) + r/(-2).
5
Let o(j) = 2*j**2 + j - 4. Let g be o(-2). Suppose 5*u + 4*d = 2*u - 2, 0 = 2*u + 2*d - g. Let i = u + -1. What are the prime factors of i?
5
Let v(c) = 28*c - 206. List the prime factors of v(24).
2, 233
Let m = -15 + 22. Let h = m + 36. What are the prime factors of h?
43
Suppose -3*i - 2*f = -8*i - 3, -5*f = -20. Let x be 1/i - (15 + -9). Let d = 17 + x. What are the prime factors of d?
2, 3
Let x be (-3)/(-9) + 267/9. Suppose 6 - x = -c + 3*d, 22 = c - d. List the 